 24. What is the units digit of f(9)?
9
Let i(g) = -4 + g**2 + 11 + 0*g**2. Suppose 0*o + 5*o - 3*n + 3 = 0, 4*o = 5*n - 5. What is the units digit of i(o)?
7
Let l(a) = 32*a + 2. What is the units digit of l(2)?
6
Let o be 4/3*27/6. Let l(i) = -i**3 + 5*i**2 + 7*i. What is the units digit of l(o)?
6
Suppose 3*u + g = 0, -4*u - u + g = 0. Suppose u = -3*b - 0*h + 2*h + 10, 0 = -2*b + 5*h - 8. What is the units digit of 3/(-1*b/(-10))?
5
Let y = 207 - 130. What is the units digit of y?
7
Let g(x) = -x**2 - 9*x - 10. Let u be g(-7). Let s be (u/(-4))/(2/34). What is the units digit of (s - -2)*(-2)/5?
6
Let x be (-5)/(-2)*4/1. Let s(o) = -o**3 + 9*o**2 + 13*o - 13. What is the units digit of s(x)?
7
Let f be ((-30)/(-9))/(4/6). Suppose -2 = 4*w + f*m, -6 = -2*w + w + 2*m. Suppose 3*s - 2*i - 2*i - 20 = 0, -10 = -s - w*i. What is the units digit of s?
8
Let f(o) = -o**3 - 6*o**2 - 2*o - 6. Suppose 3*g + 7 + 11 = 0. Let m be f(g). Suppose -j - m = -4*j. What is the units digit of j?
2
Let f be 31/3 + (-2)/6. Suppose 4*s + 6 = -f. Let u = -1 - s. What is the units digit of u?
3
Suppose w + 2*y = 169, -8*y + 4*y + 12 = 0. What is the hundreds digit of w?
1
Let w = -7 + 7. Suppose -3*o + 66 - 24 = w. Suppose -4 + o = h. What is the units digit of h?
0
Suppose -5*u - 4*z + 86 = 0, 3*z - 5*z = -5*u + 62. Suppose 0*c + c - 18 = -3*s, -4*c + 37 = 5*s. Suppose 2 = -c*d + u. What is the units digit of d?
4
Let h = 34 - 31. What is the units digit of h?
3
Let z = 54 - 35. What is the tens digit of z?
1
Let f(t) = t - 2. Let l be f(2). Suppose 0*c + 3*c - 18 = l. What is the units digit of c?
6
Let m be 3 - -7*(-3 - -2). Let d = 41 - m. What is the tens digit of d?
4
Suppose 0 = -4*n + 3*n + 3*q + 12, 2*n + 2*q = -16. What is the tens digit of n/2*(2 - 16)?
2
Let f be ((-8)/(-2))/(-1 - -2). Suppose 0 = 2*g - f*g + 2. Suppose -s + g + 8 = r, 3*s = 5*r - 85. What is the tens digit of r?
1
Suppose -u + 10 = u - 3*k, -6 = 2*u + 5*k. Suppose -2*y + 3*p = -p - 44, -u*p = 2. Suppose 0 = -2*o - 3*o + y. What is the units digit of o?
4
Suppose 8*j - 3*j = -4*b + 57, 2*j - 22 = -2*b. Suppose j = g + 2. Let f = g + -6. What is the units digit of f?
5
Let u(y) = 7*y**2 - 22*y + 13. Let r(p) = 4*p**2 - 11*p + 6. Let n(c) = 5*r(c) - 3*u(c). What is the units digit of n(8)?
5
Suppose r = 3*v + 4, -3*v - 6 = -3*r + 6. Suppose 0 = -z + 2*z - g + 15, 4*z = -r*g - 36. What is the units digit of 15/(-2)*z/9?
0
Let s = 515 - 319. What is the tens digit of s?
9
Suppose s + i - 5 = 0, -i = s + i - 7. Suppose 10 = 3*u - 2. Let y = s + u. What is the units digit of y?
7
Suppose 2*g - 5*p + 4 = 0, 0 = -5*p - 1 + 11. Let f(a) = 5*a**2 - 1. Let w be f(-1). Suppose 2*d - w*d - g*h = 1, 0 = 2*h + 10. What is the units digit of d?
7
What is the tens digit of ((-10)/15)/((-2)/57)?
1
Suppose 0*x - 5*x + 4 = -h, 5*h - 8 = -3*x. Let u(k) = k**2 + 7*k + 8. Let p be u(-6). Suppose 0 = -p*c + x + 7. What is the units digit of c?
4
Let i be (-2)/((-20)/(-8) + -3). Suppose 2*k - 5*m + i*m - 48 = 0, 0 = -3*m. What is the tens digit of k?
2
Let z(c) be the third derivative of -5*c**4/12 + c**3/6 - 2*c**2. What is the units digit of z(-5)?
1
Let a(s) = s**2 - s - 2. Let w be a(-2). Let t = w + -9. What is the units digit of (-4)/(-10) - 3/t?
1
Let f = 12 + -8. Suppose f*v - 2*v = 12. Let p = v + -1. What is the units digit of p?
5
Let p be -3 - (0/(-2) + -18). Let t be 0 - (1 + 1) - -22. What is the units digit of t/p + (-4)/(-6)?
2
Suppose 10*b = 8*b + 138. What is the units digit of b?
9
Let k be (3 + 3 - 3) + 1. What is the units digit of -6 + (7 - k) - -35?
2
Suppose 8*t - 11*t - 3 = 0. What is the units digit of t/6 - 55/(-6)?
9
Let b(q) = -42*q + 8. What is the tens digit of b(-5)?
1
Let n = -41 + 76. Suppose 5*u - 6*u + n = 0. What is the units digit of u?
5
Let n = 3 - 4. Let b = -53 - -47. What is the units digit of -5*n/((-3)/b)?
0
Suppose -5 - 13 = -2*l. What is the units digit of l?
9
Suppose -5*b = -h + 4*h - 14, 16 = 4*b. What is the units digit of ((-1)/3)/(h/102)?
7
Let n(y) = y**3 - 24*y**2 + 27*y + 36. What is the tens digit of n(23)?
2
Suppose 3*l = -0*l + 6. Suppose -94 = -8*b + 5*b + l*v, -v = b - 23. Suppose -u + 14 = u + 4*m, -3*u = -m - b. What is the units digit of u?
9
Let o(s) = s**3 + 4*s**2 - s + 4. Let c be (8/(-20))/(2/20). What is the units digit of o(c)?
8
Let v be (1/(-3))/((-4)/348). What is the units digit of 1*(-4 + 3) + v?
8
Suppose 4*w = h - 5, w - 80 - 29 = -5*h. What is the tens digit of h?
2
Let t = 26 + -22. Suppose 4*x - i - 201 = 0, 168 = -x + t*x + 5*i. What is the units digit of x?
1
Suppose 972 + 1765 = 7*a. What is the units digit of a?
1
Let m = -7 - -12. Suppose 2*g - 48 = 4*v - 6*v, 0 = m*g - 25. What is the tens digit of v?
1
Let j = 2 - -10. Suppose -2*n - 2*i + 12 = -i, -j = -4*n + 4*i. Suppose -n*z + 29 = g, -3*g + 85 = -z + 30. What is the units digit of g?
9
Let k(v) = v**3 - 5*v**2 + 5*v - 3. What is the units digit of k(4)?
1
Let b(p) = -p**3 - 7*p**2 - 13*p - 21. What is the units digit of b(-7)?
0
Let o(q) be the third derivative of -q**6/120 + q**5/10 + 7*q**4/24 - 5*q**3/6 - q**2. Let u be o(7). What is the units digit of (56/(-20))/(2/u)?
7
Suppose 4*h - 6 = 6. Suppose 7 - 31 = -h*v. What is the units digit of v?
8
Let s = -31 + 51. What is the units digit of s?
0
Let n(d) = 4*d + d**3 - 2*d**2 - 4 + 0*d**3 + 2. What is the units digit of n(2)?
6
Suppose 2*r + 2*b - 406 = 0, -5*r - b = -236 - 771. What is the units digit of r?
1
Let h be (-1)/(-3*3/(-9)). Let c be h - (0 + -22 - 1). Suppose -5*y + 8 = -c. What is the units digit of y?
6
Suppose -c = -5*g - 189, -5*c + 0*g + 945 = -3*g. What is the tens digit of c?
8
What is the units digit of 141/13 - 36/(-234)?
1
What is the hundreds digit of (-32)/(-80) - (-953)/5?
1
Suppose 0 = 2*j - b - 141, -b + 6*b = j - 93. What is the tens digit of j?
6
Suppose -4*t + 19 = -237. What is the units digit of t?
4
Let v = 12 - 33. What is the units digit of 1/(-7) + (-276)/v?
3
Suppose 2*s + 3*s + 4*u + 10 = 0, 2*u + 2 = -2*s. Suppose 2*a - 14 = -4*k + 3*k, 3*a - 16 = -k. Let r = s + k. What is the units digit of r?
4
Suppose -5*t + 17 = -3. What is the units digit of t?
4
Suppose 0 = -6*b + 5*b + 21. What is the units digit of b?
1
Let g be (31/2)/(7/14). Let u = 58 - g. What is the units digit of u?
7
Let t be 0 + 10/2*-4. Let x be (-1)/(-3 + (-8)/(-4)). What is the units digit of (x/2)/((-2)/t)?
5
Suppose n = 3*f + 19, 2*f - 5*n + n = -26. Let x(h) be the second derivative of -h**5/20 - h**4/3 + 5*h**3/6 + h**2/2 + h. What is the units digit of x(f)?
1
Let w = -10 - -47. What is the units digit of w?
7
Let y(a) = a**2 + 10*a + 25. What is the tens digit of y(-13)?
6
Let z(v) = 8*v - 7. Let l(y) = 7*y - 6. Let q(w) = -6*l(w) + 5*z(w). Let u be q(-2). Let t(k) = -k**2 + 8*k - 6. What is the units digit of t(u)?
9
Let n(z) be the first derivative of -4*z + 3 - 3/2*z**2. What is the units digit of n(-5)?
1
Let y(v) = 4*v. Let c(b) = b**3 + 4*b**2 + b - 2. Let k be c(-3). What is the tens digit of y(k)?
1
Suppose 535 = 3*r - 188. What is the units digit of r?
1
Let y = -5 + 10. Suppose o = 2*o - 3. Suppose o*f + 19 = 2*s, 0 = -y*s - f - f. What is the units digit of s?
2
Suppose 12 = j + j. Suppose 0 = -4*t + j*t - 20. What is the tens digit of t?
1
Let m(u) = 5*u - 1. What is the units digit of m(5)?
4
Let t be (-3 - (-16)/(8/4)) + -2. Let f be (-4 - -2) + (-8)/(-2). Let b = t - f. What is the units digit of b?
1
Let r(c) = 6*c**2 + 6*c + 27. What is the units digit of r(-5)?
7
Let y = 1 + 6. Let f = y + -17. Let p = f - -14. What is the units digit of p?
4
Let y = 4 - -2. Suppose -140 = 2*d - y*d. Suppose l + 0*b = 2*b + 10, 3*l - b = d. What is the tens digit of l?
1
What is the tens digit of (16 - 1) + 14/7?
1
Let m(o) = -o**2 - 12*o + 5. What is the tens digit of m(-11)?
1
Suppose -6*d = -3*d - 141. Suppose 3*u = -4*h - 14 + d, 0 = 2*h - 2*u - 6. What is the units digit of h?
6
Suppose h - 4 = 4*k - 2*h, 5*k + 5*h = -40. What is the units digit of 88/12 - k/6?
8
Suppose -4*z - 18 = -5*m + 30, z + 34 = 4*m. Let k = m + 1. What is the units digit of k?
9
What is the hundreds digit of (-1)/(2/(-484)) - (-4 - -2)?
2
Let c(l) = -64*l. What is the tens digit of c(-1)?
6
Let k = 52 - 35. Suppose 3*